24*p**2 + 1371*p + 167. Let w be j(-57). Let z(b) = 4*b**3 - 3*b**3 + 4*b**2 - 3 + b + 7 + 0*b**2. Determine z(w).
0
Let x(b) = 62*b + 520. Let y(a) = -9*a - 65. Let s(i) = 2*x(i) + 15*y(i). Give s(5).
10
Let a(k) be the first derivative of 4/3*k**3 - 1/2*k**2 + 4*k + 10 - 1/2*k**4. Give a(3).
-17
Suppose 309*v = 313*v + 80. Let s = 22 + v. Let l(f) = -3 - 3*f - f + 8*f. What is l(s)?
5
Suppose 12*q + 51 = -105. Let s(v) = -37*v - 12 + 23*v + 13*v. Calculate s(q).
1
Let c(o) = -o**3 - 26*o**2 + 17*o - 253. Let s be c(-27). Suppose 0 = -0*m + 2*m - 4. Let z(w) = -8*w - m*w**2 - 12 + w**2 + s*w. Calculate z(8).
-4
Let k(s) = -s**3 + s**2 - 2*s + 1. Let x = -78 - -84. Suppose -x*v = -17 + 59. Let l be (-7)/v*(2 + -2 + 1). What is k(l)?
-1
Let q(c) = -14*c + 0*c - 4*c + 97 - 38. What is q(7)?
-67
Suppose 7743*k = 7676*k - 134. Let b(r) = 4*r**3 + 6*r + 4. Give b(k).
-40
Let n(v) = 23*v**2 - 17 + 29 - 1287*v + 1299*v + 2*v**3. Give n(-11).
1
Suppose 4*f + 25*f = -24 - 5. Let p(j) = -31*j**3 - j**2 + j + 1. Calculate p(f).
30
Let d(x) = -x**2 + 13 + 0*x**2 + 366*x - 362*x. Let c = -698 - -704. Calculate d(c).
1
Let m(t) = -t + 3. Let z(f) = f - 4. Let v(j) = -2*m(j) - 3*z(j). Let h be ((-1 + 2)*110)/(-2). Let p = -61 - h. Determine v(p).
12
Let g be 4/(-7)*7630/436. Let y(t) = t**3 + 11*t**2 + 10*t + 15. Give y(g).
15
Let j(z) = 5*z**2 - 5*z + 5. Suppose 4*b = l - 33, -3*b - 8 = 4*l + 12. Determine j(l).
5
Let i(t) be the second derivative of t**5/20 + 2*t**4/3 - 4*t**3/3 - 2*t**2 + t + 755. What is i(-9)?
-13
Let r(z) be the first derivative of -z**4/6 + 2*z**3/3 + 80*z**2 - 51. Let n(p) be the second derivative of r(p). Give n(4).
-12
Let j(x) be the second derivative of x**4/12 - 2*x**3/3 + 7*x**2/2 - 84*x. Let r(m) = -3*m - 30. Let h be r(-11). What is j(h)?
4
Let g(f) = -34*f + 8. Let v be g(4). Let i be (-6)/(-8)*v/(-48). Let k(h) = h - h**3 - 8 + 4 - 2*h - 2*h - 4*h**i. What is k(-4)?
8
Let v(r) = r**2 - 5. Let q = 263 + -261. Let j(l) = l**3 - 14*l**2 + 5. Let c be j(14). Suppose -6 = -t + p, -c*t = -q*p - 14 - 13. Determine v(t).
20
Suppose -w + 8 = 2. Let x(y) be the third derivative of -y**4/8 + 23*y**3/6 - 1458*y**2. What is x(w)?
5
Let x(l) be the first derivative of -l**4/4 - l**3/3 - l**2/2 - 3*l - 21. Suppose -6*c - 15*c = 63. What is x(c)?
18
Let r(b) be the second derivative of b**4/12 - 12*b**2 + 8147*b. Let k(o) = -o - 6. Let a be k(-6). Calculate r(a).
-24
Let l(s) = 2*s**3 - 10*s**2 - 139*s + 688. Let c be l(5). Let i(h) = h**3 + 7*h**2 - 4*h - 10. Determine i(c).
18
Suppose 0 = 4*t + 2*n + 40, 37*t + 241 = -25*n + 28*n. Let o(p) be the third derivative of p**4/12 + p**3/2 + 3*p**2. Give o(t).
-11
Let z(j) = -3*j + 6. Let p(x) = -4*x**2 - 43*x + 181. Let u be p(-14). Give z(u).
9
Let r(f) = -f**2 - 17. Let z be (18/8)/(((-315)/(-5096))/15). Let j = 546 - z. Give r(j).
-17
Let n(s) be the third derivative of s**5/60 + s**4/24 - 5*s**3/6 + 851*s**2. Give n(-8).
51
Let o(z) = -z - 15 + 7 + 13*z + 6. What is o(-8)?
-98
Let w(o) = -8367*o**3 + o**2 + 2 + 16727*o**3 - 8359*o**3 - 3*o. What is w(3)?
29
Let m(d) = d**3 - 6 + 7 + 13*d**2 + 10 - 1. Let a = -98 + 85. Give m(a).
10
Let q(b) = 5*b - 1. Suppose -1 = 5*s - 4*l, s - 2*l + l = -1. Let f be (-1 - -75 - 2)/(s/(-2)). Let m be f/(-12) - (2 + 1). Determine q(m).
4
Let j(m) = 21*m**2 + 7*m + 2. Let f = 21616 + -21617. What is j(f)?
16
Let j(q) = 2*q. Let b be j(0). Let g(x) = 8 + b + x - 5 - 6. Let i(o) = 4*o - 1. Let n be i(1). Determine g(n).
0
Let h(f) = -19*f**3 + 25*f**2 + 47*f + 146. Let a(m) = 4*m**3 - 4*m**2 - m + 1. Let g(z) = 5*a(z) + h(z). What is g(-4)?
-1
Let s = 1153 + -1144. Let i(c) = -5*c**2 + 13*c + 2. Let v be 4 + 0 + -1 - 7. Let o(l) = -6*l**2 + 14*l + 2. Let z(d) = v*o(d) + 5*i(d). Give z(s).
2
Let v(a) = -a**2 + 4*a + 4. Suppose -1098*c = -1100*c + 6. Let h be (-805)/(-15) + (-2)/(-6). Suppose c*s = -42 + h. What is v(s)?
4
Let o(l) = -6*l**2 - l**3 + 38*l - 18*l**2 + 1 - 9*l**2 + 19*l**2 - 3*l**2. Give o(-19).
1
Let d(n) = 76*n - 9. Let f(v) = 8*v - 2. Let r(p) = d(p) - 3*f(p). Give r(1).
49
Let p = -60 - -62. Let l(n) = 3*n**2 + 6*n**p + 21 + 0*n**2 - 8*n**2 - 11*n. What is l(9)?
3
Suppose -27*s + 1054 = 4*s. Suppose 21*m = -13*m - s. Let y(h) = -8*h**2 + h. Give y(m).
-9
Let a(y) be the first derivative of 3*y**2 + 20*y + 1237. What is a(-16)?
-76
Let z = -271 - -273. Let f(u) = 9 - 1 + 9 - z*u - 1 - 15. Determine f(4).
-7
Suppose -17*z = 23*z - 24 - 296. Let g(k) = -k**3 + 6*k**2 + 28*k - 101. What is g(z)?
-5
Let h(n) = -10*n. Let o be -3 + -16*31/(-2). Let b = o + -241. What is h(b)?
-40
Let a(o) be the third derivative of o**6/120 + 7*o**5/60 - o**4/3 - 2*o**3 - 57*o**2. Let s = -307 - -299. Calculate a(s).
-12
Suppose -808 = -4*i + 5*w - 200, -i - 5*w = -152. Let x = i - 148. Let a(h) = h**2 - 5*h + 9. Determine a(x).
5
Let r = 1304 - 1303. Let o(b) = 3*b - 8. Calculate o(r).
-5
Let j be 20/(-9) + (9 - 7) + (-43)/9. Let g(i) = i**2 + 6*i. Calculate g(j).
-5
Suppose f - w = -5*w - 26, 0 = -5*f + 5*w - 180. Let b = f - -38. Let h(a) = -b*a**2 + 10 + 15 - 26 + a**3 - 5*a. Calculate h(5).
-1
Let z(i) = -10*i + 4. Let q(d) be the first derivative of -5*d**2 + 47*d - 6. Let g be q(5). What is z(g)?
34
Let f(c) = -2*c**2 + 8*c - 6. Let z(q) = 5*q**2 - 15*q + 11. Let w(k) = 7*f(k) + 3*z(k). Let s(i) = 27*i - 103. Let l be s(-14). Let v = l - -470. Give w(v).
-9
Let d(j) = -j**2 + 70*j + 628. Let p be d(78). Suppose 6*r = 3*r. Let x(w) = 0*w - w + 5 + r*w. Calculate x(p).
1
Let l(z) = z - 10. Let m be l(8). Let f(t) = -4*t**3 + t + 1. Let w(g) = -3*g**3 - g**2 + 1. Let a(i) = 2*f(i) - 3*w(i). Determine a(m).
-1
Let i(q) be the third derivative of 17*q**4/12 - q**3/6 - 3*q**2 + 144*q. Determine i(-1).
-35
Let u(f) = 601*f + 14427. Let c be u(-24). Let l(o) = 8*o**2 + 4*o + 3. What is l(c)?
87
Let x(o) be the first derivative of -o**5/60 - o**4/12 + 2*o**3/3 - 44*o**2 + 132. Let f(w) be the second derivative of x(w). Determine f(-3).
1
Let f(s) = 5*s + 7. Let p be -3 - 297/(-88) - (-75)/(-8). Determine f(p).
-38
Let v(l) be the second derivative of 0 + 1/2*l**2 + 1/2*l**3 - 26*l. Let c = 9 + -10. Give v(c).
-2
Let i = 845 - 844. Let d(o) = 46*o - 24*o + 5*o**2 + 23*o**3 - 3*o**2 - 23*o. Give d(i).
24
Let p(w) = 4*w**3 + 92*w**2 - w - 22. Let x(s) = -s**3 + 23*s**2 - 5*s + 673. Let j be x(24). What is p(j)?
1
Suppose 56*v = -19*v + 802 - 577. Let l(b) = -6*b**2 + 3. Calculate l(v).
-51
Let w(f) = 0*f + f - 19*f + 10*f + 9*f. Suppose -b - b = -3*d - 4, 3*d - 31 = -5*b. Suppose -4*u = -4*j - 8, -10 = -0*j + j - b*u. What is w(j)?
0
Let m(n) = -15*n - 106. Let c be (1/2)/(11/(-154)). Calculate m(c).
-1
Let g be 32/(-12) - (-10)/((-60)/(-18)). Let w(x) be the second derivative of x**2 + g*x**3 + 0 - 3*x. Calculate w(2).
6
Let t(q) = -q**2 + 3*q. Let v(x) = x**3 + 11*x**2 + 27*x - 4. Suppose -213 = -3*n + 57. Let a = -97 + n. Let h be v(a). Calculate t(h).
0
Let t(h) = -3*h + 4. Let o(v) = v**3 - 5*v**2 - 7*v - 2. Let k be o(5). Let j(w) = 6*w + 44. Let a be j(-13). Let g = a - k. Calculate t(g).
-5
Suppose 158*s = 163*s - 5. Suppose -7*h + s = k - 9*h, -3*k - h = -17. Let x(b) = -b + 12. What is x(k)?
7
Let b(u) = -4 - 3*u + u**2 - 3 + 6. Let j(d) = -18*d**3 - d**2 + 2*d + 2. Let a be j(-1). Suppose -14*n = -a*n + 6. Give b(n).
-3
Let v be ((-6)/9)/(4/(-18)). Let r(z) = -3*z - 2*z**2 + 4*z**3 + 3*z**v - 1 + z. Let c be -2*30/(-100) + 488/(-305). Give r(c).
-8
Let c(y) be the third derivative of 1 + 7/24*y**4 + 0*y + 13*y**2 - 1/6*y**3. Determine c(-2).
-15
Let z = 37 - 34. Suppose -c + 28 = z*c. Let f(m) = 4 - 4*m**3 + 8*m**3 - 3*m**2 - c*m**3 - 2*m + 2*m**3. Determine f(-3).
10
Let w(p) = p**3 - 8*p**2 + 26*p - 201. Let f be w(8). Let y(v) = 33*v - 8*v**2 - 29*v + 17 + 7*v**2. Calculate y(f).
-4
Suppose 59 + 21 = 20*j. Suppose 191 = j*n + 139. Let q(r) = r**3 - 14*r**2 + 12*r + 10. Calculate q(n).
-3
Let x be -57 + 53 + 1/2*0. Let w(j) = 3*j + 8. Give w(x).
-4
Let z(n) = -4*n**2 + 23*n - 22. Let k be z(4). Let u(j) = 5*j - 5*j + 413*j**2 + 2 + k - 412*j**2. Give u(0).
8
Let g = -390 - -397. Let b(i) = i**3 - 8*i**2 + 8*i - 20. Give b(g).
-13
Let a be (40/15)/((-8)/(-12)). Let b(d) = 2*d**2 + 0 - 3*d**2 - 3 + d. What is b(a)?
-15
Suppose -4*c - 95 = -23*c. Let b(m)